ands digit of 137741366?
7
What is the hundred thousands digit of 29305934?
3
What is the millions digit of 607446861?
7
What is the hundreds digit of 85475795?
7
What is the ten thousands digit of 27478698?
7
What is the ten thousands digit of 898087879?
8
What is the millions digit of 1061805412?
1
What is the thousands digit of 60982439?
2
What is the hundreds digit of 4229054118?
1
What is the tens digit of 3473868770?
7
What is the thousands digit of 58824594?
4
What is the units digit of 2395982705?
5
What is the millions digit of 81518246?
1
What is the tens digit of 89296395?
9
What is the hundred thousands digit of 253447243?
4
What is the ten thousands digit of 99552300?
5
What is the billions digit of 2367695133?
2
What is the ten millions digit of 3291015695?
9
What is the ten thousands digit of 87899331?
9
What is the ten millions digit of 4792725283?
9
What is the hundred thousands digit of 3129610?
1
What is the thousands digit of 25158704?
8
What is the hundred thousands digit of 42640755?
6
What is the units digit of 121478843?
3
What is the ten thousands digit of 79120411?
2
What is the hundred thousands digit of 154337272?
3
What is the millions digit of 249964115?
9
What is the ten millions digit of 186135723?
8
What is the thousands digit of 7934338?
4
What is the thousands digit of 40259475?
9
What is the hundred thousands digit of 3565606768?
6
What is the ten millions digit of 725241981?
2
What is the tens digit of 162085319?
1
What is the thousands digit of 837820120?
0
What is the tens digit of 5486987?
8
What is the ten millions digit of 35722722?
3
What is the hundred thousands digit of 67188206?
1
What is the tens digit of 38516728?
2
What is the ten thousands digit of 396377038?
7
What is the hundreds digit of 532788827?
8
What is the billions digit of 1759930906?
1
What is the thousands digit of 96426861?
6
What is the tens digit of 75032391?
9
What is the units digit of 325233322?
2
What is the tens digit of 63701449?
4
What is the ten millions digit of 107761642?
0
What is the ten thousands digit of 1703131580?
3
What is the hundred millions digit of 157750760?
1
What is the ten millions digit of 1902035068?
0
What is the ten thousands digit of 624480519?
8
What is the units digit of 128504385?
5
What is the ten thousands digit of 4942762383?
6
What is the thousands digit of 2831534710?
4
What is the hundreds digit of 440653247?
2
What is the tens digit of 96138763?
6
What is the hundred millions digit of 110167367?
1
What is the ten thousands digit of 240114797?
1
What is the ten millions digit of 60757020?
6
What is the hundred millions digit of 342650110?
3
What is the hundred thousands digit of 134570373?
5
What is the units digit of 472567757?
7
What is the billions digit of 6075154804?
6
What is the ten thousands digit of 145679519?
7
What is the hundred thousands digit of 350759524?
7
What is the thousands digit of 151209520?
9
What is the hundred millions digit of 985751630?
9
What is the tens digit of 1221386171?
7
What is the tens digit of 1034825164?
6
What is the tens digit of 364179153?
5
What is the units digit of 188183089?
9
What is the millions digit of 1430030377?
0
What is the hundred millions digit of 148602144?
1
What is the tens digit of 6103998779?
7
What is the hundred thousands digit of 123398876?
3
What is the hundred thousands digit of 227299133?
2
What is the ten millions digit of 6404410461?
0
What is the hundred thousands digit of 15507169?
5
What is the thousands digit of 116709081?
9
What is the ten millions digit of 902021782?
0
What is the tens digit of 67773980?
8
What is the thousands digit of 3462640428?
0
What is the billions digit of 1183574568?
1
What is the units digit of 565532774?
4
What is the ten thousands digit of 62725695?
2
What is the hundreds digit of 2751682927?
9
What is the ten thousands digit of 815405266?
0
What is the hundred thousands digit of 361225476?
2
What is the ten millions digit of 44740597?
4
What is the hundred thousands digit of 1489159703?
1
What is the hundred thousands digit of 44765473?
7
What is the ten millions digit of 353052956?
5
What is the billions digit of 1555707040?
1
What is the tens digit of 14496542?
4
What is the hundred thousands digit of 80295437?
2
What is the hundreds digit of 54487586?
5
What is the ten millions digit of 2325147466?
2
What is the hundred thousands digit of 90686343?
6
What is the thousands digit of 6392051017?
1
What is the ten millions digit of 66908489?
6
What is the hundred thousands digit of 11604625?
6
What is the hundreds digit of 38602551?
5
What is the ten millions digit of 310182902?
1
What is the ten millions digit of 728986250?
2
What is the units digit of 2581264359?
9
What is the thousands digit of 782920028?
0
What is the millions digit of 88413205?
8
What is the thousands digit of 3287726570?
6
What is the millions digit of 335948621?
5
What is the hundred thousands digit of 1849130961?
1
What is the units digit of 356852733?
3
What is the hundreds digit of 1502973325?
3
What is the millions digit of 291272551?
1
What is the ten millions digit of 316833662?
1
What is the hundred thousands digit of 406753621?
7
What is the hundred millions digit of 169292238?
1
What is the millions digit of 1728002187?
8
What is the ten thousands digit of 594686997?
8
What is the ten millions digit of 312726820?
1
What is the ten millions digit of 667082336?
6
What is the hundreds digit of 184669714?
7
What is the hundred millions digit of 1151814228?
1
What is the hundreds digit of 13429353?
3
What is the hundreds digit of 1452137170?
1
What is the hundreds digit of 69576104?
1
What is the ten millions digit of 554372914?
5
What is the millions digit of 4518771308?
8
What is the billions digit of 6312651284?
6
What is the hundred thousands digit of 124569850?
5
What is the hundred thousands digit of 452708498?
7
What is the thousands digit of 221787623?
7
What is the billions digit of 1886140224?
1
What is the millions digit of 251185663?
1
What is the tens digit of 152706723?
2
What is the hundred millions digit of 5361523818?
3
What is the units digit of 181515785?
5
What is the ten thousands digit of 466808698?
0
What is the ten millions digit of 63418385?
6
What is the millions digit of 807035834?
7
What is the millions digit of 3857717017?
7
What is the ten thousands digit of 1001130425?
3
What is the millions digit of 739253628?
9
What is the tens digit of 131241573?
7
What is the hundred thousands digit of 100946165?
9
What is the millions digit of 99784242?
9
What is the tens digit of 1113413049?
4
What is the millions digit of 4884495238?
4
What is the millions digit of 387496202?
7
What is the units digit of 184784782?
2
What is the hundred thousands digit of 48458199?
4
What is the ten thousands digit of 1973047724?
4
What is the thousands digit of 260003406?
3
What is the units digit of 1447726022?
2
What is the tens digit of 15997066?
6
What is the ten millions digit of 117856114?
1
What is the hundreds digit of 164910509?
5
What is the units digit of 2158248762?
2
What is the ten millions digit of 6279611585?
7
What is the hundred millions digit of 1639124492?
6
What is the billions digit of 2478598258?
2
What is the tens digit of 175096361?
6
What is the ten thousands digit of 877189557?
8
What is the hundred thousands digit of 5758719255?
7
What is the tens digit of 3940628900?
0
What is the tens digit of 3179173158?
5
What is the tens digit of 254391715?
1
What is the hundred thousands digit of 1229467351?
4
What is the hundreds digit of 922304259?
2
What is the billions digit of 2707802649?
2
What is the ten thousands digit of 17497541?
9
What is the millions digit of 6430128?
6
What is the hundred millions digit of 308348784?
3
What is the millions digit of 722751481?
2
What is the tens digit of 3458616331?
3
What is the ten millions digit of 362247670?
6
What is the units digit of 4905978316?
6
What is the thousands digit of 2964122712?
2
What is the millions digit of 467365454?
7
What is the ten thousands digit of 35298065?
9
What is the units digit of 69717296?
6
What is the thousands digit of 129059223?
9
What is the ten millions digit of 251505840?
5
What is the ten thousands di